72
Let z(h) = 197*h - 592. Determine z(3).
-1
Let k(g) = g**3 - 6*g**2 + 10*g - 60. Give k(6).
0
Let b(x) = -x**3 - 5*x**2 - 3*x + 9. Calculate b(-4).
5
Let s(f) = f**2 - 58*f + 358. Give s(7).
1
Let g(p) = 2*p**2 + 3*p. Give g(-2).
2
Let m(k) = -2*k**2 + 8*k - 5. What is m(5)?
-15
Let y(n) = -20*n + 11. Give y(-1).
31
Let n(h) = -h**3 + 7*h**2 - 5*h + 2. Give n(4).
30
Let m(s) = s**2 + s. What is m(-4)?
12
Let c(n) = 5*n**2 + 71*n + 9. Determine c(-14).
-5
Let w(k) = k**3 + 7*k**2 - 2*k + 5. Determine w(-7).
19
Let d(p) = -p**2 + 30*p - 135. What is d(21)?
54
Let x(w) = -57*w - 5. What is x(1)?
-62
Let b(c) = c**2 - c + 23. Determine b(0).
23
Let y(i) = -2*i**3 + 2*i**2 - 2*i - 1. Determine y(2).
-13
Let k(v) = -v**3 + 7*v**2 - 3*v - 2. Determine k(1).
1
Let z(x) = x**3 - 3*x**2 + 2*x - 2. Determine z(3).
4
Let h(o) = 5*o**2 - 3*o + 2. Calculate h(1).
4
Let w(n) = -7*n - 192. Determine w(-27).
-3
Let c(a) = -34*a - 202. Give c(-6).
2
Let r(o) = 6*o - 3. Give r(4).
21
Let h(g) = g**3 - 26*g**2 + 2*g - 46. Give h(26).
6
Let t(a) = -a**3 + 12*a**2 - 8*a - 4. Calculate t(11).
29
Let x(v) = -3*v + 5. Give x(5).
-10
Let k(n) = 8*n - 83. Determine k(11).
5
Let s(q) = 63*q - 4. What is s(1)?
59
Let f(u) = -u + 11. Give f(9).
2
Let z(v) = 5*v - 2. Determine z(5).
23
Let h(u) = -u**3 - 16*u**2 - 28*u - 1. What is h(-14)?
-1
Let n(x) = -11*x - 240. Determine n(-22).
2
Let y(r) = r**3 - 13*r**2 - 30*r + 9. Calculate y(15).
9
Let s(c) = c**2 - 13*c - 36. Determine s(14).
-22
Let h(r) = -2*r**3 - 11*r**2 + 6*r + 3. Give h(-6).
3
Let j(i) = i**3 - 33*i**2 + 31*i + 17. What is j(32)?
-15
Let k(f) = f**3 - f**2 - 7*f + 4. Calculate k(2).
-6
Let g(i) = -i**3 - 3*i**2 + 9*i + 2. What is g(-5)?
7
Let d(r) = 2*r**2 - 8*r + 8. Calculate d(6).
32
Let x(s) = s + 2. What is x(-5)?
-3
Let n(y) = -y**3 - 15*y**2 - 11*y + 13. Give n(-14).
-29
Let a(q) = -q**2 - 8*q. Calculate a(7).
-105
Let q(r) = r**3 - 5*r**2 - 2*r + 7. Determine q(5).
-3
Let k(g) = 20*g**2 - 102*g + 3. Determine k(5).
-7
Let z(d) = 2*d**3 + 18*d**2 - 42*d + 31. Give z(-11).
9
Let f(k) = -31*k + 192. Determine f(6).
6
Let d(u) = -11*u + 134. Calculate d(11).
13
Let m(g) = -7*g**2 - 28*g - 5. What is m(-4)?
-5
Let v(c) = c**2 + 11*c + 12. What is v(-7)?
-16
Let o(s) = -15*s + 447. Calculate o(30).
-3
Let m(g) = g**3 + 10*g**2 - 16*g - 25. Calculate m(-11).
30
Let j(m) = -m**3 - 2*m**2 + 8*m + 9. Determine j(-3).
-6
Let c(w) = w**3 + 5*w**2 + 6*w - 1. Determine c(-3).
-1
Let g(q) = -q**2 + 13*q - 41. Determine g(9).
-5
Let h(g) = -g**3 - 39*g**2 + 5*g + 183. Determine h(-39).
-12
Let z(j) = -4*j - 15. Determine z(-4).
1
Let h(t) = t**3 + 17*t**2 + t + 17. Give h(-17).
0
Let i(p) = 14*p + 146. Determine i(-8).
34
Let c(j) = -13*j - 72. Calculate c(-7).
19
Let s(o) = -o**3 + 6*o**2 + 14*o - 1. Calculate s(6).
83
Let r(s) = s**3 + 15*s**2 - s - 17. Calculate r(-15).
-2
Let v(r) = 4*r + 9. What is v(-5)?
-11
Let y(b) = -b + 11. Give y(12).
-1
Let y(a) = a**2 - 2*a - 1. What is y(0)?
-1
Let p(a) = 2*a**3 + 15*a**2 - 9*a - 19. Determine p(-8).
-11
Let r(c) = -c**2 + 5*c + 12. Give r(6).
6
Let p(x) = 3*x - 59. Determine p(24).
13
Let m(q) = -q**2 + q + 19. Calculate m(-3).
7
Let w(x) = 23*x + 49. What is w(-2)?
3
Let k(y) = -y**3 + 7*y**2 + 5*y - 8. Determine k(7).
27
Let h(j) = 2*j. What is h(0)?
0
Let s(i) = -27*i - 3. What is s(-1)?
24
Let z(y) = -2*y**2 + 68*y - 195. Give z(31).
-9
Let l(v) = 3*v**2 - 2*v + 10. Determine l(0).
10
Let v(i) = -i**3 + 15*i**2 - 14*i - 5. Determine v(14).
-5
Let c(q) = q**3 - 4*q**2 - 19*q + 12. Give c(7).
26
Let c(i) = 4*i**2 - 15*i + 4. Determine c(3).
-5
Let n(c) = -2*c**3 + 14*c**2 + 20*c - 38. Determine n(8).
-6
Let d(q) = q + 15. Determine d(-4).
11
Let u(z) = -z**2 - 2*z - 2. What is u(-2)?
-2
Let v(h) = -2*h**2 + 10*h - 10. Calculate v(1).
-2
Let l(u) = -u**3 + u**2 + 3*u - 5. What is l(3)?
-14
Let i(o) = -o**2 - 12*o + 5. Give i(-11).
16
Let t(y) = 10*y - 227. Calculate t(23).
3
Let h(z) = -z**3 + 19*z**2 - 19*z + 35. Calculate h(18).
17
Let q(s) = 71*s - 491. Determine q(7).
6
Let z(f) = -2*f + 15. What is z(13)?
-11
Let p(t) = 13*t - 164. Give p(12).
-8
Let a(l) = -2*l + 48. Determine a(20).
8
Let q(y) = -y**2 + y - 5. Determine q(0).
-5
Let v(a) = -a**3 + a**2 - 15. Give v(0).
-15
Let w(t) = -3*t**2 + 18*t - 11. What is w(5)?
4
Let d(l) = -2*l**3 - 14*l**2 - 14*l - 12. Determine d(-6).
0
Let g(u) = -2*u**2 + 11*u + 27. Give g(11).
-94
Let v(z) = -z**3 - 9*z**2 - 11*z - 13. What is v(-8)?
11
Let v(u) = -2*u**3 - 60*u**2 + 1. Determine v(-30).
1
Let v(f) = f**3 - 12*f**2 - 6*f - 83. Determine v(13).
8
Let f(l) = -3*l**2 - 11*l - 30. Give f(-4).
-34
Let f(c) = -c**2 - 13*c - 5. Give f(-13).
-5
Let g(d) = -2*d**2 + 101. Determine g(-7).
3
Let d(o) = 3*o**2 + 20*o + 2. Give d(-6).
-10
Let h(f) = 2*f + 24. Calculate h(-9).
6
Let o(p) = 11*p + 2. Give o(1).
13
Let n(m) = m**3 - 2*m - 2. Determine n(-4).
-58
Let m(l) = l**2 + 15*l - 20. Give m(-16).
-4
Let v(g) = -g**2 + 28. What is v(7)?
-21
Let s(l) = 7*l**3 + 3*l**2 - 3*l - 1. What is s(1)?
6
Let q(g) = 12*g + 2. Calculate q(-1).
-10
Let p(n) = -7*n + 75. Calculate p(19).
-58
Let l(m) = -2*m**3 + m**2 - 4*m + 5. Determine l(2).
-15
Let p(q) = -33*q - 1. Determine p(1).
-34
Let d(v) = -v - 10. Calculate d(-5).
-5
Let i(j) = -4*j**2 - 5*j + 5. Give i(2).
-21
Let a(j) = -j**2 + 44. Calculate a(6).
8
Let d(f) = f**3 + 8*f**2 - 11*f - 26. Calculate d(-8).
62
Let g(h) = h**3 + 11*h**2 - 15*h - 17. Give g(-12).
19
Let r(m) = m**3 + 6*m**2 + 5*m - 9. Give r(-5).
-9
Let t(s) = s**2 + 21*s - 28. Give t(-20).
-48
Let u(j) = -j**2 + 27. Give u(0).
27
Let p(w) = 13*w**2 + w - 1. Give p(1).
13
Let c(j) = -j**2 + j + 2. What is c(3)?
-4
Let x(c) = -c - 8. Calculate x(-8).
0
Let h(d) = d**3 - 13*d**2 + 26*d + 13. Calculate h(10).
-27
Let i(h) = 3*h**2 + 24*h - 79. Give i(3).
20
Let c(v) = v**2 - 4*v - 36. What is c(-4)?
-4
Let o(j) = -j**3 + 7*j**2 + 2*j + 7. Calculate o(7).
21
Let v(w) = 2*w**3 - 7*w**2 + 7*w - 1. What is v(2)?
1
Let i(v) = v. Calculate i(6).
6
Let f(j) = -j**2 - 5*j + 1. What is f(-6)?
-5
Let p(z) = -3*z**3 - 2*z**2 + 2*z + 2. What is p(-2)?
14
Let m(s) = s**3 - 13*s**2 - 32*s + 41. Determine m(15).
11
Let i(b) = -2*b + 5. Calculate i(0).
5
Let w(b) = -b**2 + 10*b - 10. Calculate w(8).
6
Let i(s) = -18*s**2 - 181*s - 14. Determine i(-10).
-4
Let g(l) = -4*l**2 + 15*l + 15. Give g(-1).
-4
Let j(u) = -9*u + 207. What is j(23)?
0
Let x(k) = 5*k**3 - 3*k**2 - 2*k + 2. Give x(-2).
-46
Let u(c) = c**2 - 4*c - 4. Determine u(-2).
8
Let u(v) = v**3 - 8*v**2 - 6*v - 21. Calculate u(9).
6
Let w(n) = -3*n**3 + 5*n**2 + 3*n - 8. Give w(2).
-6
Let h(u) = 6*u - 123. Calculate h(16).
-27
Let c(z) = 3*z**2 - 8*z + 7. Calculate c(2).
3
Let l(k) = 6*k - 11. Determine l(2).
1
Let a(x) = -4*x - 13. Calculate a(-9).
23
Let x(a) = 3*a. Calculate x(-2).
-6
Let h(w) = w**2 + 6*w - 18. Determine h(-9).
9
Let t(d) = 2*d**2 - 56*d + 4. Calculate t(28).
4
Let c(l) = -l**3 + l**2 + 2*l - 2. Calculate c(0).
-2
Let a(n) = 3*n**3 + n**2 - n. Calculate a(1).
3
Let p(y) = -y - 72. Give p(-24).
-48
Let t(p) = -p**2 + 4*p - 14. Determine t(0).
-14
Let w(z) = 17*z**2 + 9*z - 4. Give w(1).
22
Let s(l) = -4*l**2 - 5*l + 25. What is s(-3)?
4
Let u(l) = l**3 + 5*l**2 - 1. Determine u(-6).
-37
Let g(b) = 4*b**2 + 1. What is g(1)?
5
Let r(k) = -52*k + 20. Calculate r(-1).
72
Let z(f) = -f**3 - 33*f**2 - 89*f + 28. Give z(-30).
-2
Let q(l) = -l**2 + 2*l - 13. Determine q(0).
-13
Let k(z) = z**3 + 37*z**2 + 68*z - 71. Give k(-35).
-1
Let u(g) = -8*g + 4. What is u(2)?
-12
Let a(g) = -g**3 + 5*g**2 - 8*g + 4. Determine a(3).
-2
Let g(b) = -42*b**3 - 2*b**2. Calculate g(-1).
40
Let p(u) = -u**3 + 25*u**2 + 20*u + 19. Calculate p(26).
-137
Let j(g) = -g**3 + g - 46. Determine j(0).
-46
Let z(u) = -5*u + 15. Calculate z(4).
-5
Let t(p) = -3*p**2 + 13*p + 5. What is t(9)?
-121
Let z(n) = n**2 - 27*n + 66. Calculate z(24).
-6
Let n(w) = w**2 - 8*w - 3. Determine n(-6).
81
Let q(i) = 21*i**3 + 5*i**2 + 5*i + 1. What is q(-2)?
-157
Let r(z) = -z**3 + 11*z**2 + z + 6. Give r(11).
17
Let d(k) = k**3 - 5*k**2 - 2*k + 6. What is d(6)?
30
Let t(x) = -x**3 - 19*x**2 + 21*x + 31. Calculate t(-20).
11
Let u(o) = 2*o + 2. Give u(-5).
-8
Let j(t) = 6*t**3 - 5*t**2 - 6*t + 2